= -v + c + 5. What is the remainder when 115 is divided by v?
1
Let k(q) = 25*q**2 + 22*q + 1. Let c be k(10). Suppose 0 = -11*l + 150 + c. What is the remainder when l is divided by 33?
30
Let g = 207 - 148. What is the remainder when g is divided by 13?
7
Let t(m) = 4*m**2 - 6*m + 4. Calculate the remainder when t(4) is divided by ((-46)/(-5))/(2/5).
21
Let f = -135 + 318. Calculate the remainder when f is divided by 47.
42
Let i = 59 + -31. Calculate the remainder when (-3161)/(-87)*(0 + 3) is divided by i.
25
Suppose -4*u + 2*u + n - 61 = 0, n = -3*u - 94. Let o = 56 + u. Let f = -23 + 32. What is the remainder when o is divided by f?
7
Suppose -4*h - m + 108 = 0, 5*h - 67*m = -71*m + 146. Calculate the remainder when 80 is divided by h.
2
Suppose 4*b = 5*f + 53 - 18, 2*b + 4*f = -2. Calculate the remainder when 29 is divided by 100/(-6)*(b + (-310)/50).
9
Suppose 52 = 4*u - w, 2*u + 2*w - 3*w - 24 = 0. Let t = u + -11. Suppose t*x = -45 + 264. Calculate the remainder when x is divided by 19.
16
Suppose 51 = -a + 66. Suppose a*n - 24 = 14*n. What is the remainder when 67 is divided by n?
19
Let g = 424 - 183. Calculate the remainder when g is divided by 49.
45
Suppose 0 = -3*f + 5*f - 8. Let z(j) = -j**3 - j**2 - 26*j - 108. Calculate the remainder when z(-4) is divided by f.
0
Let o(w) = 5*w**2 + 7*w + 3. Let d(v) = -5*v**2 - 6*v - 2. Let q(c) = -3*d(c) - 2*o(c). What is the remainder when q(-3) is divided by 7?
5
Suppose -3*o = -8*o. Suppose 0*b + 4*b - 40 = o. What is the remainder when (-4 + (-8)/(-6))*-6 is divided by b?
6
Let z = 18 + -13. Suppose -z*l + 3*p - 339 = 356, 558 = -4*l + 2*p. Let x = l + 203. What is the remainder when x is divided by 13?
9
Suppose 0 = -0*n - 3*n + 81. Calculate the remainder when (-406)/(-4) + (-79)/158 is divided by n.
20
Suppose m - 20 + 15 = 0. Suppose 4*p + 2*h = 200 + 46, 0 = -m*p - h + 312. Calculate the remainder when p is divided by 16.
15
Let g be (-1 + 70/3)/((-9)/(-54)). Suppose -l - l = -g. Calculate the remainder when l is divided by 17.
16
Suppose 4*s - 94 = -26. Let o = 36 - s. Calculate the remainder when 30 is divided by o.
11
Let h = -1469 - -1878. What is the remainder when h is divided by 38?
29
Let a(w) = w**2 - 2*w - 11. Let i(u) = 4*u + 5*u**2 + u**3 - 1 - 5*u**2. Calculate the remainder when i(3) is divided by a(6).
12
Suppose 2*o = 3*o - 38. Let t(s) = -s**2 - 3*s + 4. Let x be t(-7). Let d = o + x. What is the remainder when 26 is divided by d?
12
Suppose -t + 6 = t. Suppose t = g - 12. Calculate the remainder when g is divided by 8.
7
Suppose 3*s + 2*j - 32 = 0, 4*j = j - 15. Suppose -2*y = -597 + 491. What is the remainder when y is divided by s?
11
Let a be 3 - (-9)/(-4 - -1). Suppose 140 = 4*l + 4*r, 146 = 4*l + r - a. Suppose 3*t = l - 1. Calculate the remainder when 47 is divided by t.
11
Suppose 0 = 24*s - 25*s + 21. Calculate the remainder when 141 is divided by s.
15
Let y = 7 - -3. Suppose -y = -26*n + 28*n. Let l(m) = -4*m - 9. What is the remainder when l(n) is divided by 6?
5
Let r = 12 - -8. Suppose 0 = 5*q + w - 77, 4*w + r - 8 = 0. Suppose 0 = 3*k - 2*g - 135, k + g - 21 = 24. Calculate the remainder when k is divided by q.
13
Let r be ((-6)/(-5))/2 + 135/25. Suppose 9*d = r*d + 21. What is the remainder when 19 is divided by d?
5
Suppose -5*s - 130 = 35. Let d = -144 + 190. Let x = d + s. Calculate the remainder when x is divided by 4.
1
Calculate the remainder when 16/(-6)*((-3990)/(-8))/(-19) is divided by 45.
25
Suppose 2*m = v + 176, v - 90 = 3*m - 354. What is the remainder when m is divided by 4?
0
Let f = -10 + 18. Let s(x) = -9*x - 3. Let u(b) = b. Let y(o) = 3*s(o) + 21*u(o). Calculate the remainder when y(-5) is divided by f.
5
Suppose 33*y - 35*y - 5*i = -52, -4*y + 3*i + 78 = 0. What is the remainder when 167 is divided by y?
20
Let v(j) = -1 - 3*j + 3 + 0 + 2. What is the remainder when 29 is divided by v(-2)?
9
Let c(k) = 3*k**2 - 130*k - 326. Calculate the remainder when c(46) is divided by 29/2 - (-2)/(-4).
0
Let v = 14 + -23. Calculate the remainder when ((-3)/v)/((-5)/(-945)) is divided by 16.
15
Suppose -3*l - 215 + 2 = 0. Let f = 85 + l. Calculate the remainder when 52 is divided by f.
10
Suppose p - f = -0*f + 251, 3*f + 1263 = 5*p. Suppose -3*n + p = -0*n. Suppose 5*t = n + 100. What is the remainder when t is divided by 13?
11
Let g = -29 - -41. Let d = -29 - -64. Calculate the remainder when d is divided by g.
11
Suppose -578*l = -573*l - 20. Let z = -191 - -272. Suppose -l*j + 7*j = z. Calculate the remainder when 53 is divided by j.
26
Suppose 3*l = -d + 329, -94 = -l - 3*d + 21. What is the remainder when l is divided by 16?
13
Suppose 0 = -4*r - 5*p + 59, 0 = 6*r - 7*r - 5*p + 26. What is the remainder when 85 is divided by r?
8
Suppose 4*q = 2*l + 3*l + 395, -3*l = 5*q - 466. Calculate the remainder when q is divided by 34.
27
Suppose -21*b = -18*b - 6. Suppose -3*x = -b*x + 546. What is the remainder when 11 is divided by x/(-98) + 6/14?
5
Let b = 208 - 198. What is the remainder when 54 is divided by b?
4
Calculate the remainder when 44 is divided by 2825/105 - (-12)/126.
17
Suppose -2*t - k = -32 - 51, 4*t + 3*k - 165 = 0. Let q = 31 + 4. Let c = q + -12. What is the remainder when t is divided by c?
19
Suppose 16 = 3*o - l, -o - 23 = -5*l - 5. Let r(k) = k**2 - k - 19. Calculate the remainder when r(o) is divided by 147/12 + (-1)/4.
11
Let a be (-2 - -61)*3*3/(-9). Let l = -34 - a. What is the remainder when l is divided by 6?
1
Let u(g) = -4*g - 4. Calculate the remainder when 16 is divided by u(-2).
0
Suppose 3*j + 3*t = 2*t - 169, 0 = -3*j + t - 161. Let d = j + 97. Let u = 66 - d. Calculate the remainder when 95 is divided by u.
23
Suppose 16 = 7*f - 61. Let x = f + 13. Calculate the remainder when x is divided by 9.
6
What is the remainder when (42/(-147))/((-9)/(-42))*-3228 is divided by 105?
104
Let q(m) = -m. Let h(t) = -6*t + 8. Let k(s) = h(s) - 5*q(s). Let x be k(12). What is the remainder when -1 + (28/x)/(-1) is divided by 4?
2
Let a(t) = -3*t**2 - 11*t + 11. What is the remainder when 242 is divided by a(-4)?
4
Suppose 3*k - 3*b = 2*b + 66, 0 = 4*b + 12. Suppose 3*y - 125 = -k. What is the remainder when 105 is divided by y?
33
Suppose d - 82 = -3*o, 2*d = -o + 3*d + 22. Suppose 28 = b - 21. Calculate the remainder when b is divided by o.
23
Let n = -83 - -393. Suppose 0 = 4*t + t - 5*r - n, 3*t - 184 = 5*r. Let b(v) = v**2 - v + 11. What is the remainder when t is divided by b(0)?
8
Let d = 41 + -71. Let b = d + 34. Calculate the remainder when 9 is divided by 15/(-10)*(0 - b).
3
Let l be 45/9 - 2*-1. Let a(y) = -y**2 + 8*y + 6. Suppose -1 - 23 = -6*g. What is the remainder when a(l) is divided by g?
1
Let r = -26 + 34. Suppose -170 = -r*s + 3*s. Calculate the remainder when 65 is divided by s.
31
Let x = 29 - 11. Suppose 0*n + x = n. Calculate the remainder when 53 is divided by n.
17
Let h be 2 + 12/(-4) + 3. Suppose -h*z - 31 + 113 = 0. Let t = z - 31. What is the remainder when t is divided by 4?
2
Let d(m) = 8*m + 4. What is the remainder when d(9) is divided by 21?
13
Let d(x) = 24 - 51 + 28 - 22*x. What is the remainder when 87 is divided by d(-2)?
42
Suppose -g - 3*g + h = -403, -4*h = 5*g - 509. Calculate the remainder when 289 is divided by g.
87
Suppose -l + 1 = q - 2*q, -14 = -5*l - 4*q. Suppose -j + l = -29. Suppose j = -3*a + 172. What is the remainder when a is divided by 16?
15
Let b = -678 + 754. What is the remainder when b is divided by 47?
29
Let n(x) = 68*x - 515. Calculate the remainder when 163 is divided by n(8).
18
Let f = 138 + -132. Let x(j) = -4*j**3 - j + 1. Let c be x(-2). Suppose -f*y = -y - c. Calculate the remainder when y is divided by 3.
1
Let a = -13 - -15. Suppose a = -2*m, -4*i + 59 = -i + m. Suppose -2*r = 2*r - 232. Calculate the remainder when r is divided by i.
18
Suppose -2*i = -f + 2*f - 2, 0 = -3*i + 5*f - 23. Calculate the remainder when 21 is divided by -4 - (-20 + (3 - i)).
9
Let c = 10256 - 6935. What is the remainder when c is divided by 12?
9
Let q(h) = 23*h**3 - 4*h. What is the remainder when q(2) is divided by 59?
58
What is the remainder when (-1)/(4/233)*2*-2 is divided by 13?
12
Let v(z) = -4*z - 2. Let n(d) = d. Let j be n(2). Suppose -2*c + f + 1 = -j